[INFO] cloning repository https://github.com/sogaiu/a-tsclj-checker
[INFO] running `Command { std: "git" "-c" "credential.helper=" "-c" "credential.helper=/workspace/cargo-home/bin/git-credential-null" "clone" "--bare" "https://github.com/sogaiu/a-tsclj-checker" "/workspace/cache/git-repos/https%3A%2F%2Fgithub.com%2Fsogaiu%2Fa-tsclj-checker", kill_on_drop: false }`
[INFO] [stderr] Cloning into bare repository '/workspace/cache/git-repos/https%3A%2F%2Fgithub.com%2Fsogaiu%2Fa-tsclj-checker'...
[INFO] running `Command { std: "git" "rev-parse" "HEAD", kill_on_drop: false }`
[INFO] [stdout] c217abac07de012a23d04f5a70deb45962e963ef
[INFO] building sogaiu/a-tsclj-checker against master#ff34b919075f35a1787659e9c448a34b06bab8de for issue-85264
[INFO] running `Command { std: "git" "clone" "/workspace/cache/git-repos/https%3A%2F%2Fgithub.com%2Fsogaiu%2Fa-tsclj-checker" "/workspace/builds/worker-5/source", kill_on_drop: false }`
[INFO] [stderr] Cloning into '/workspace/builds/worker-5/source'...
[INFO] [stderr] done.
[INFO] validating manifest of git repo https://github.com/sogaiu/a-tsclj-checker on toolchain ff34b919075f35a1787659e9c448a34b06bab8de
[INFO] running `Command { std: "/workspace/cargo-home/bin/cargo" "+ff34b919075f35a1787659e9c448a34b06bab8de" "metadata" "--manifest-path" "Cargo.toml" "--no-deps", kill_on_drop: false }`
[INFO] started tweaking git repo https://github.com/sogaiu/a-tsclj-checker
[INFO] finished tweaking git repo https://github.com/sogaiu/a-tsclj-checker
[INFO] tweaked toml for git repo https://github.com/sogaiu/a-tsclj-checker written to /workspace/builds/worker-5/source/Cargo.toml
[INFO] crate git repo https://github.com/sogaiu/a-tsclj-checker already has a lockfile, it will not be regenerated
[INFO] running `Command { std: "/workspace/cargo-home/bin/cargo" "+ff34b919075f35a1787659e9c448a34b06bab8de" "fetch" "--manifest-path" "Cargo.toml", kill_on_drop: false }`
[INFO] [stderr]  Downloading crates ...
[INFO] [stderr]   Downloaded tree-sitter v0.6.3
[INFO] running `Command { std: "docker" "create" "-v" "/var/lib/crater-agent-workspace/builds/worker-5/target:/opt/rustwide/target:rw,Z" "-v" "/var/lib/crater-agent-workspace/builds/worker-5/source:/opt/rustwide/workdir:ro,Z" "-v" "/var/lib/crater-agent-workspace/cargo-home:/opt/rustwide/cargo-home:ro,Z" "-v" "/var/lib/crater-agent-workspace/rustup-home:/opt/rustwide/rustup-home:ro,Z" "-e" "SOURCE_DIR=/opt/rustwide/workdir" "-e" "CARGO_TARGET_DIR=/opt/rustwide/target" "-e" "CARGO_HOME=/opt/rustwide/cargo-home" "-e" "RUSTUP_HOME=/opt/rustwide/rustup-home" "-w" "/opt/rustwide/workdir" "-m" "1610612736" "--user" "0:0" "--network" "none" "ghcr.io/rust-lang/crates-build-env/linux@sha256:20528e8c29e4536546f0102ce88568b16ea7538393a33fcca951030f7af10457" "/opt/rustwide/cargo-home/bin/cargo" "+ff34b919075f35a1787659e9c448a34b06bab8de" "metadata" "--no-deps" "--format-version=1", kill_on_drop: false }`
[INFO] [stdout] d91ce2d2f53b4292456554b21a9d4727da1b530e1dc033d123ff7af8f8ee8df3
[INFO] [stderr] WARNING: Your kernel does not support swap limit capabilities or the cgroup is not mounted. Memory limited without swap.
[INFO] running `Command { std: "docker" "start" "-a" "d91ce2d2f53b4292456554b21a9d4727da1b530e1dc033d123ff7af8f8ee8df3", kill_on_drop: false }`
[INFO] running `Command { std: "docker" "inspect" "d91ce2d2f53b4292456554b21a9d4727da1b530e1dc033d123ff7af8f8ee8df3", kill_on_drop: false }`
[INFO] running `Command { std: "docker" "rm" "-f" "d91ce2d2f53b4292456554b21a9d4727da1b530e1dc033d123ff7af8f8ee8df3", kill_on_drop: false }`
[INFO] [stdout] d91ce2d2f53b4292456554b21a9d4727da1b530e1dc033d123ff7af8f8ee8df3
[INFO] running `Command { std: "docker" "create" "-v" "/var/lib/crater-agent-workspace/builds/worker-5/target:/opt/rustwide/target:rw,Z" "-v" "/var/lib/crater-agent-workspace/builds/worker-5/source:/opt/rustwide/workdir:ro,Z" "-v" "/var/lib/crater-agent-workspace/cargo-home:/opt/rustwide/cargo-home:ro,Z" "-v" "/var/lib/crater-agent-workspace/rustup-home:/opt/rustwide/rustup-home:ro,Z" "-e" "SOURCE_DIR=/opt/rustwide/workdir" "-e" "CARGO_TARGET_DIR=/opt/rustwide/target" "-e" "CARGO_INCREMENTAL=0" "-e" "RUST_BACKTRACE=full" "-e" "RUSTFLAGS=--cap-lints=forbid" "-e" "CARGO_HOME=/opt/rustwide/cargo-home" "-e" "RUSTUP_HOME=/opt/rustwide/rustup-home" "-w" "/opt/rustwide/workdir" "-m" "1610612736" "--user" "0:0" "--network" "none" "ghcr.io/rust-lang/crates-build-env/linux@sha256:20528e8c29e4536546f0102ce88568b16ea7538393a33fcca951030f7af10457" "/opt/rustwide/cargo-home/bin/cargo" "+ff34b919075f35a1787659e9c448a34b06bab8de" "build" "--frozen" "--message-format=json", kill_on_drop: false }`
[INFO] [stdout] e9897eaf88ad1868db95b92ef4af968d09bed7f6ad0584cc38ab5ab29e43d085
[INFO] [stderr] WARNING: Your kernel does not support swap limit capabilities or the cgroup is not mounted. Memory limited without swap.
[INFO] running `Command { std: "docker" "start" "-a" "e9897eaf88ad1868db95b92ef4af968d09bed7f6ad0584cc38ab5ab29e43d085", kill_on_drop: false }`
[INFO] [stderr]    Compiling proc-macro2 v1.0.9
[INFO] [stderr]    Compiling memchr v2.3.3
[INFO] [stderr]    Compiling crc32fast v1.2.0
[INFO] [stderr]    Compiling rayon-core v1.7.0
[INFO] [stderr]    Compiling remove_dir_all v0.5.2
[INFO] [stderr]    Compiling glob v0.3.0
[INFO] [stderr]    Compiling crossbeam-utils v0.7.2
[INFO] [stderr]    Compiling memoffset v0.5.4
[INFO] [stderr]    Compiling crossbeam-epoch v0.8.2
[INFO] [stderr]    Compiling bzip2-sys v0.1.8+1.0.8
[INFO] [stderr]    Compiling thread_local v1.0.1
[INFO] [stderr]    Compiling tree-sitter v0.6.3
[INFO] [stderr]    Compiling a-tsclj-checker v0.1.0 (/opt/rustwide/workdir)
[INFO] [stderr]    Compiling rand v0.4.6
[INFO] [stderr]    Compiling serde_json v1.0.48
[INFO] [stderr]    Compiling aho-corasick v0.7.10
[INFO] [stderr] The following warnings were emitted during compilation:
[INFO] [stderr] 
[INFO] [stderr] warning: cc: error: tree-sitter-clojure/src/parser.c: No such file or directory
[INFO] [stderr] warning: cc: fatal error: no input files
[INFO] [stderr] warning: compilation terminated.
[INFO] [stderr] 
[INFO] [stderr] error: failed to run custom build command for `a-tsclj-checker v0.1.0 (/opt/rustwide/workdir)`
[INFO] [stderr] 
[INFO] [stderr] Caused by:
[INFO] [stderr]   process didn't exit successfully: `/opt/rustwide/target/debug/build/a-tsclj-checker-30a8dd6fd9ac62f3/build-script-build` (exit status: 1)
[INFO] [stderr]   --- stdout
[INFO] [stderr]   TARGET = Some("x86_64-unknown-linux-gnu")
[INFO] [stderr]   OPT_LEVEL = Some("0")
[INFO] [stderr]   HOST = Some("x86_64-unknown-linux-gnu")
[INFO] [stderr]   CC_x86_64-unknown-linux-gnu = None
[INFO] [stderr]   CC_x86_64_unknown_linux_gnu = None
[INFO] [stderr]   HOST_CC = None
[INFO] [stderr]   CC = None
[INFO] [stderr]   CFLAGS_x86_64-unknown-linux-gnu = None
[INFO] [stderr]   CFLAGS_x86_64_unknown_linux_gnu = None
[INFO] [stderr]   HOST_CFLAGS = None
[INFO] [stderr]   CFLAGS = None
[INFO] [stderr]   CRATE_CC_NO_DEFAULTS = None
[INFO] [stderr]   DEBUG = Some("true")
[INFO] [stderr]   CARGO_CFG_TARGET_FEATURE = Some("fxsr,sse,sse2")
[INFO] [stderr]   running: "cc" "-O0" "-ffunction-sections" "-fdata-sections" "-fPIC" "-g" "-fno-omit-frame-pointer" "-m64" "-I" "tree-sitter-clojure/src" "-Wall" "-Wextra" "-o" "/opt/rustwide/target/debug/build/a-tsclj-checker-317a2bd7e02dbbab/out/tree-sitter-clojure/src/parser.o" "-c" "tree-sitter-clojure/src/parser.c"
[INFO] [stderr]   cargo:warning=cc: error: tree-sitter-clojure/src/parser.c: No such file or directory
[INFO] [stderr]   cargo:warning=cc: fatal error: no input files
[INFO] [stderr]   cargo:warning=compilation terminated.
[INFO] [stderr]   exit status: 1
[INFO] [stderr] 
[INFO] [stderr]   --- stderr
[INFO] [stderr] 
[INFO] [stderr] 
[INFO] [stderr]   error occurred: Command "cc" "-O0" "-ffunction-sections" "-fdata-sections" "-fPIC" "-g" "-fno-omit-frame-pointer" "-m64" "-I" "tree-sitter-clojure/src" "-Wall" "-Wextra" "-o" "/opt/rustwide/target/debug/build/a-tsclj-checker-317a2bd7e02dbbab/out/tree-sitter-clojure/src/parser.o" "-c" "tree-sitter-clojure/src/parser.c" with args "cc" did not execute successfully (status code exit status: 1).
[INFO] [stderr] 
[INFO] [stderr] 
[INFO] [stderr] warning: build failed, waiting for other jobs to finish...
[INFO] [stderr] error: build failed
[INFO] running `Command { std: "docker" "inspect" "e9897eaf88ad1868db95b92ef4af968d09bed7f6ad0584cc38ab5ab29e43d085", kill_on_drop: false }`
[INFO] running `Command { std: "docker" "rm" "-f" "e9897eaf88ad1868db95b92ef4af968d09bed7f6ad0584cc38ab5ab29e43d085", kill_on_drop: false }`
[INFO] [stdout] e9897eaf88ad1868db95b92ef4af968d09bed7f6ad0584cc38ab5ab29e43d085
